{"id":11,"date":"2012-05-09T16:36:33","date_gmt":"2012-05-09T16:36:33","guid":{"rendered":"http:\/\/sanantonioabad.edu.pe\/site\/?page_id=11"},"modified":"2025-01-24T22:34:20","modified_gmt":"2025-01-25T03:34:20","slug":"institucional","status":"publish","type":"page","link":"https:\/\/sanantonioabad.edu.pe\/site\/institucional\/","title":{"rendered":"INSTITUCIONAL"},"content":{"rendered":"\n<p><\/p>\n\n\n\n<figure class=\"wp-block-pullquote\"><blockquote><p>El Colegio \u201cSan Antonio Abad\u201d concibe a la sociedad compuesta por personas entre las cuales existe una red de relaciones y que pueden organizarse de diversos modos.<\/p><cite>CONCEPTO DE SOCIEDAD:<\/cite><\/blockquote><\/figure>\n\n\n<p>Nos interesa una sociedad en la que la persona humana sea respetada y valorada. Una sociedad democr\u00e1tica en la que se busque el bien com\u00fan y el desarrollo de cada uno de sus miembros. Una sociedad que est\u00e9 en constante evoluci\u00f3n y en donde cada persona tenga la oportunidad de poner sus cualidades y potencialidades al servicio de los dem\u00e1s y en la que se respire un clima de paz, de solidaridad y de constante progreso y superaci\u00f3n.<\/p>\n\n\n<figure class=\"wp-block-gallery has-nested-images columns-default is-cropped wp-block-gallery-1 is-layout-flex wp-block-gallery-is-layout-flex\">\n<figure class=\"wp-block-image size-large\"><a href=\"https:\/\/sanantonioabad.edu.pe\/site\/wp-content\/uploads\/2025\/01\/1RO.-PRIMARIA-CHICAS-edited.jpeg\"><img fetchpriority=\"high\" decoding=\"async\" width=\"960\" height=\"720\" data-id=\"633\" src=\"https:\/\/sanantonioabad.edu.pe\/site\/wp-content\/uploads\/2025\/01\/1RO.-PRIMARIA-CHICAS-edited.jpeg\" alt=\"\" class=\"wp-image-633\" srcset=\"https:\/\/sanantonioabad.edu.pe\/site\/wp-content\/uploads\/2025\/01\/1RO.-PRIMARIA-CHICAS-edited.jpeg 960w, https:\/\/sanantonioabad.edu.pe\/site\/wp-content\/uploads\/2025\/01\/1RO.-PRIMARIA-CHICAS-edited-300x225.jpeg 300w, https:\/\/sanantonioabad.edu.pe\/site\/wp-content\/uploads\/2025\/01\/1RO.-PRIMARIA-CHICAS-edited-768x576.jpeg 768w\" sizes=\"(max-width: 960px) 100vw, 960px\" \/><\/a><figcaption class=\"wp-element-caption\">LA <\/figcaption><\/figure>\n\n\n\n<figure class=\"wp-block-image size-large\"><a href=\"https:\/\/sanantonioabad.edu.pe\/site\/wp-content\/uploads\/2025\/01\/S1210019.jpg\"><img decoding=\"async\" width=\"1024\" height=\"576\" data-id=\"595\" src=\"https:\/\/sanantonioabad.edu.pe\/site\/wp-content\/uploads\/2025\/01\/S1210019-1024x576.jpg\" alt=\"\" class=\"wp-image-595\" srcset=\"https:\/\/sanantonioabad.edu.pe\/site\/wp-content\/uploads\/2025\/01\/S1210019-1024x576.jpg 1024w, https:\/\/sanantonioabad.edu.pe\/site\/wp-content\/uploads\/2025\/01\/S1210019-300x169.jpg 300w, https:\/\/sanantonioabad.edu.pe\/site\/wp-content\/uploads\/2025\/01\/S1210019-768x432.jpg 768w, https:\/\/sanantonioabad.edu.pe\/site\/wp-content\/uploads\/2025\/01\/S1210019-1536x864.jpg 1536w, https:\/\/sanantonioabad.edu.pe\/site\/wp-content\/uploads\/2025\/01\/S1210019.jpg 1920w\" sizes=\"(max-width: 1024px) 100vw, 1024px\" \/><\/a><figcaption class=\"wp-element-caption\">SOCIEDAD<\/figcaption><\/figure>\n\n\n\n<figure class=\"wp-block-image size-large\"><a href=\"https:\/\/sanantonioabad.edu.pe\/site\/wp-content\/uploads\/2025\/01\/S1240133.jpg\"><img decoding=\"async\" width=\"1024\" height=\"576\" data-id=\"610\" src=\"https:\/\/sanantonioabad.edu.pe\/site\/wp-content\/uploads\/2025\/01\/S1240133-1024x576.jpg\" alt=\"\" class=\"wp-image-610\" srcset=\"https:\/\/sanantonioabad.edu.pe\/site\/wp-content\/uploads\/2025\/01\/S1240133-1024x576.jpg 1024w, https:\/\/sanantonioabad.edu.pe\/site\/wp-content\/uploads\/2025\/01\/S1240133-300x169.jpg 300w, https:\/\/sanantonioabad.edu.pe\/site\/wp-content\/uploads\/2025\/01\/S1240133-768x432.jpg 768w, https:\/\/sanantonioabad.edu.pe\/site\/wp-content\/uploads\/2025\/01\/S1240133-1536x864.jpg 1536w, https:\/\/sanantonioabad.edu.pe\/site\/wp-content\/uploads\/2025\/01\/S1240133.jpg 1920w\" sizes=\"(max-width: 1024px) 100vw, 1024px\" \/><\/a><figcaption class=\"wp-element-caption\">ANTONIO<\/figcaption><\/figure>\n\n\n\n<figure class=\"wp-block-image size-large\"><a href=\"https:\/\/sanantonioabad.edu.pe\/site\/wp-content\/uploads\/2025\/01\/IMG_20241127_124118-scaled.jpg\"><img loading=\"lazy\" decoding=\"async\" width=\"1024\" height=\"576\" data-id=\"780\" src=\"https:\/\/sanantonioabad.edu.pe\/site\/wp-content\/uploads\/2025\/01\/IMG_20241127_124118-1024x576.jpg\" alt=\"\" class=\"wp-image-780\" srcset=\"https:\/\/sanantonioabad.edu.pe\/site\/wp-content\/uploads\/2025\/01\/IMG_20241127_124118-1024x576.jpg 1024w, https:\/\/sanantonioabad.edu.pe\/site\/wp-content\/uploads\/2025\/01\/IMG_20241127_124118-300x169.jpg 300w, https:\/\/sanantonioabad.edu.pe\/site\/wp-content\/uploads\/2025\/01\/IMG_20241127_124118-768x432.jpg 768w, https:\/\/sanantonioabad.edu.pe\/site\/wp-content\/uploads\/2025\/01\/IMG_20241127_124118-1536x864.jpg 1536w, https:\/\/sanantonioabad.edu.pe\/site\/wp-content\/uploads\/2025\/01\/IMG_20241127_124118-2048x1152.jpg 2048w\" sizes=\"(max-width: 1024px) 100vw, 1024px\" \/><\/a><figcaption class=\"wp-element-caption\">ABAD<\/figcaption><\/figure>\n<\/figure>\n","protected":false},"excerpt":{"rendered":"<p>El Colegio \u201cSan Antonio Abad\u201d concibe a la sociedad compuesta por personas entre las cuales existe una red de relaciones y que pueden organizarse de diversos modos. CONCEPTO DE SOCIEDAD: Nos interesa una sociedad en la que la persona humana sea respetada y valorada. Una sociedad democr\u00e1tica en la que se busque el bien com\u00fan y el desarrollo de cada uno de sus miembros. Una sociedad que est\u00e9 en constante evoluci\u00f3n y en donde cada persona tenga la oportunidad de poner sus cualidades y potencialidades al servicio de los dem\u00e1s y en la que se respire un clima de paz, de solidaridad y de constante progreso y superaci\u00f3n.<\/p>\n","protected":false},"author":1,"featured_media":0,"parent":0,"menu_order":1,"comment_status":"closed","ping_status":"closed","template":"","meta":{"footnotes":""},"class_list":["post-11","page","type-page","status-publish","hentry"],"blocksy_meta":[],"_links":{"self":[{"href":"https:\/\/sanantonioabad.edu.pe\/site\/wp-json\/wp\/v2\/pages\/11","targetHints":{"allow":["GET"]}}],"collection":[{"href":"https:\/\/sanantonioabad.edu.pe\/site\/wp-json\/wp\/v2\/pages"}],"about":[{"href":"https:\/\/sanantonioabad.edu.pe\/site\/wp-json\/wp\/v2\/types\/page"}],"author":[{"embeddable":true,"href":"https:\/\/sanantonioabad.edu.pe\/site\/wp-json\/wp\/v2\/users\/1"}],"replies":[{"embeddable":true,"href":"https:\/\/sanantonioabad.edu.pe\/site\/wp-json\/wp\/v2\/comments?post=11"}],"version-history":[{"count":25,"href":"https:\/\/sanantonioabad.edu.pe\/site\/wp-json\/wp\/v2\/pages\/11\/revisions"}],"predecessor-version":[{"id":786,"href":"https:\/\/sanantonioabad.edu.pe\/site\/wp-json\/wp\/v2\/pages\/11\/revisions\/786"}],"wp:attachment":[{"href":"https:\/\/sanantonioabad.edu.pe\/site\/wp-json\/wp\/v2\/media?parent=11"}],"curies":[{"name":"wp","href":"https:\/\/api.w.org\/{rel}","templated":true}]}}