{"id":398,"date":"2023-01-04T11:50:38","date_gmt":"2023-01-04T16:50:38","guid":{"rendered":"https:\/\/sanantonioabad.edu.pe\/site\/?page_id=398"},"modified":"2025-01-26T20:19:47","modified_gmt":"2025-01-27T01:19:47","slug":"vacacional","status":"publish","type":"page","link":"https:\/\/sanantonioabad.edu.pe\/site\/vacacional\/","title":{"rendered":"CURSOS DE VERANO"},"content":{"rendered":"\n<hr class=\"wp-block-separator has-alpha-channel-opacity\"\/>\n\n\n\n<figure class=\"wp-block-image alignfull size-full\"><a href=\"https:\/\/sanantonioabad.edu.pe\/site\/wp-content\/uploads\/2025\/01\/verano-abadino-2.png\"><img fetchpriority=\"high\" decoding=\"async\" width=\"2500\" height=\"1250\" src=\"https:\/\/sanantonioabad.edu.pe\/site\/wp-content\/uploads\/2025\/01\/verano-abadino-2.png\" alt=\"\" class=\"wp-image-828\" srcset=\"https:\/\/sanantonioabad.edu.pe\/site\/wp-content\/uploads\/2025\/01\/verano-abadino-2.png 2500w, https:\/\/sanantonioabad.edu.pe\/site\/wp-content\/uploads\/2025\/01\/verano-abadino-2-300x150.png 300w, https:\/\/sanantonioabad.edu.pe\/site\/wp-content\/uploads\/2025\/01\/verano-abadino-2-1024x512.png 1024w, https:\/\/sanantonioabad.edu.pe\/site\/wp-content\/uploads\/2025\/01\/verano-abadino-2-768x384.png 768w, https:\/\/sanantonioabad.edu.pe\/site\/wp-content\/uploads\/2025\/01\/verano-abadino-2-1536x768.png 1536w, https:\/\/sanantonioabad.edu.pe\/site\/wp-content\/uploads\/2025\/01\/verano-abadino-2-2048x1024.png 2048w\" sizes=\"(max-width: 2500px) 100vw, 2500px\" \/><\/a><\/figure>\n\n\n\n<p class=\"has-text-align-center has-black-color has-text-color has-link-color wp-elements-ff63adf77245f99adcf7a9d86fba1e5e\">Inscr\u00edbete en nuestros <strong>cursos de verano<\/strong> dise\u00f1ados para <strong>inicial, primaria y secundaria<\/strong>.<\/p>\n\n\n\n<p class=\"has-text-align-center has-palette-color-2-color has-text-color has-link-color wp-elements-a60f46bbedef731a57e4e98c576d2ba0\"><strong>DURACI\u00d3N<\/strong>: 06 de Enero al 14 de Febrero (Lun. Mi\u00e9r. y Vier) <\/p>\n\n\n\n<p class=\"has-text-align-center has-palette-color-2-color has-text-color has-link-color wp-elements-71f0f6d319d270f0d58b26b24bbf407e\"><strong>HORARIO:<\/strong> 08:30 &#8211; 12:30 p.m.<\/p>\n\n\n\n<figure class=\"wp-block-image aligncenter size-full is-resized\"><a href=\"https:\/\/sanantonioabad.edu.pe\/site\/wp-content\/uploads\/2025\/01\/Diseno-sin-titulo-3.png\"><img decoding=\"async\" width=\"185\" height=\"185\" src=\"https:\/\/sanantonioabad.edu.pe\/site\/wp-content\/uploads\/2025\/01\/Diseno-sin-titulo-3.png\" alt=\"\" class=\"wp-image-757\" style=\"width:95px;height:auto\" srcset=\"https:\/\/sanantonioabad.edu.pe\/site\/wp-content\/uploads\/2025\/01\/Diseno-sin-titulo-3.png 185w, https:\/\/sanantonioabad.edu.pe\/site\/wp-content\/uploads\/2025\/01\/Diseno-sin-titulo-3-150x150.png 150w\" sizes=\"(max-width: 185px) 100vw, 185px\" \/><\/a><\/figure>\n\n\n\n<figure class=\"wp-block-image aligncenter size-full is-resized\"><a href=\"https:\/\/sanantonioabad.edu.pe\/site\/wp-content\/uploads\/2025\/01\/Diseno-sin-titulo-2.png\"><img decoding=\"async\" width=\"185\" height=\"185\" src=\"https:\/\/sanantonioabad.edu.pe\/site\/wp-content\/uploads\/2025\/01\/Diseno-sin-titulo-2.png\" alt=\"\" class=\"wp-image-758\" style=\"width:90px;height:auto\" srcset=\"https:\/\/sanantonioabad.edu.pe\/site\/wp-content\/uploads\/2025\/01\/Diseno-sin-titulo-2.png 185w, https:\/\/sanantonioabad.edu.pe\/site\/wp-content\/uploads\/2025\/01\/Diseno-sin-titulo-2-150x150.png 150w\" sizes=\"(max-width: 185px) 100vw, 185px\" \/><\/a><\/figure>\n\n\n\n<figure class=\"wp-block-image aligncenter size-full is-resized\"><a href=\"https:\/\/sanantonioabad.edu.pe\/site\/wp-content\/uploads\/2025\/01\/Diseno-sin-titulo-4.png\"><img loading=\"lazy\" decoding=\"async\" width=\"185\" height=\"185\" src=\"https:\/\/sanantonioabad.edu.pe\/site\/wp-content\/uploads\/2025\/01\/Diseno-sin-titulo-4.png\" alt=\"\" class=\"wp-image-759\" style=\"width:87px;height:auto\" srcset=\"https:\/\/sanantonioabad.edu.pe\/site\/wp-content\/uploads\/2025\/01\/Diseno-sin-titulo-4.png 185w, https:\/\/sanantonioabad.edu.pe\/site\/wp-content\/uploads\/2025\/01\/Diseno-sin-titulo-4-150x150.png 150w\" sizes=\"(max-width: 185px) 100vw, 185px\" \/><\/a><\/figure>\n\n\n\n<p class=\"has-text-align-center has-black-color has-text-color has-link-color has-medium-font-size wp-elements-751a619abd659fc71668b96340f8ad68\">         Clases din\u00e1micas, creativas y 100% pr\u00e1cticas. Adem\u00e1s de Arte, deportes, tecnolog\u00eda y \u00a1Mucho m\u00e1s!<br><\/p>\n\n\n\n<div class=\"wp-block-columns alignwide is-layout-flex wp-container-core-columns-is-layout-d2da2050 wp-block-columns-is-layout-flex\" style=\"margin-bottom:0\">\n<div class=\"wp-block-column has-text-color has-background has-link-color wp-elements-a7b35a896616edd22abb07b737eae49a is-layout-flow wp-block-column-is-layout-flow\" style=\"color:#000000;background-color:#5286e6;padding-top:2em;padding-right:2em;padding-bottom:2em;padding-left:2em\">\n<h2 class=\"wp-block-heading has-text-align-center has-palette-color-8-color has-text-color has-link-color wp-elements-88201ddaee9b091fba27dacc3389a52b\" id=\"single\" style=\"font-size:clamp(24.034px, 1.502rem + ((1vw - 3.2px) * 1.247), 40px);\"><strong>NIVEL INICIAL <\/strong><\/h2>\n\n\n\n<p class=\"has-text-align-center has-palette-color-8-color has-text-color has-link-color has-normal-font-size wp-elements-24ef4763e74a1c6af0dbe45ec04ed7d0\" style=\"line-height:1.5\"><strong>Dirigido a estudiantes de 4 y 5 a\u00f1os <\/strong><\/p>\n\n\n\n<hr class=\"wp-block-separator has-text-color has-palette-color-8-color has-alpha-channel-opacity has-palette-color-8-background-color has-background is-style-wide\"\/>\n\n\n\n<div class=\"wp-block-group is-nowrap is-layout-flex wp-container-core-group-is-layout-6c531013 wp-block-group-is-layout-flex\">\n<ul class=\"wp-block-list has-normal-font-size\">\n<li class=\"has-palette-color-8-color has-text-color has-link-color wp-elements-ffb45ff5d263400b4975a1a05b92986a\">Psicomotricidad<\/li>\n\n\n\n<li class=\"has-palette-color-8-color has-text-color has-link-color wp-elements-0dcc011ff3b781d8c7ec232ebaf7c7cc\">Aprestamiento Comunicaci\u00f3n Integral<\/li>\n\n\n\n<li class=\"has-palette-color-8-color has-text-color has-link-color wp-elements-fd405f03456d9e5992f61f813826976a\">Leo y escribo jugando <\/li>\n\n\n\n<li class=\"has-palette-color-8-color has-text-color has-link-color wp-elements-0b7b5960fce7f2ef14752bc1e9001ef9\">Juegos matem\u00e1ticos<\/li>\n\n\n\n<li class=\"has-palette-color-8-color has-text-color has-link-color wp-elements-fc85d8a4732b35e43cef80dc2a9401c7\">Aprestamiento L\u00f3gico-Matem\u00e1tico<\/li>\n\n\n\n<li class=\"has-palette-color-8-color has-text-color has-link-color wp-elements-87aa5678d06866632e676a24312c51d0\">Grafomotricidad<\/li>\n\n\n\n<li class=\"has-palette-color-8-color has-text-color has-link-color wp-elements-7f06c807e0f1deea321f7fabd60cd5b9\">Manualidades<\/li>\n<\/ul>\n<\/div>\n\n\n\n<div class=\"wp-block-buttons alignfull is-horizontal is-content-justification-center is-layout-flex wp-container-core-buttons-is-layout-03627597 wp-block-buttons-is-layout-flex\">\n<div class=\"wp-block-button has-custom-width wp-block-button__width-100 is-style-fill\"><a class=\"wp-block-button__link has-white-color has-black-background-color has-text-color has-background no-border-radius wp-element-button\">S\/. 350.00  (material incluido)<\/a><\/div>\n<\/div>\n<\/div>\n\n\n\n<div class=\"wp-block-column has-text-color has-background has-link-color wp-elements-860b3ad822cfb1c1b18a6030872c8407 is-layout-flow wp-block-column-is-layout-flow\" style=\"color:#000000;background-color:#fcc500;padding-top:2em;padding-right:2em;padding-bottom:2em;padding-left:2em\">\n<h1 class=\"wp-block-heading has-text-align-center\" id=\"family\" style=\"font-size:clamp(24.034px, 1.502rem + ((1vw - 3.2px) * 1.247), 40px);\"><strong> PRIMARIA 1\u00b0 y 2\u00b0 <\/strong><\/h1>\n\n\n\n<p class=\"has-text-align-center has-normal-font-size\" style=\"line-height:1.5\"><strong>Dirigido a estudiantes de 1er y 2do grado<\/strong><\/p>\n\n\n\n<hr class=\"wp-block-separator has-css-opacity is-style-wide\"\/>\n\n\n\n<div class=\"wp-block-group is-nowrap is-layout-flex wp-container-core-group-is-layout-6c531013 wp-block-group-is-layout-flex\">\n<ul class=\"wp-block-list has-normal-font-size\">\n<li>Comunicaci\u00f3n \/ RV<\/li>\n\n\n\n<li>Manualidades<\/li>\n\n\n\n<li>Ingl\u00e9s<\/li>\n\n\n\n<li>Computaci\u00f3n<\/li>\n\n\n\n<li>Matem\u00e1tica \/ RM<\/li>\n\n\n\n<li>Psicomotricidad<\/li>\n<\/ul>\n<\/div>\n\n\n\n<p><\/p>\n\n\n\n<div class=\"wp-block-buttons alignfull is-horizontal is-content-justification-center is-layout-flex wp-container-core-buttons-is-layout-03627597 wp-block-buttons-is-layout-flex\">\n<div class=\"wp-block-button has-custom-width wp-block-button__width-100 is-style-fill\"><a class=\"wp-block-button__link has-white-color has-text-color has-background no-border-radius wp-element-button\" style=\"background-color:#000000\">S\/. 400.00  (material incluido)<\/a><\/div>\n<\/div>\n<\/div>\n\n\n\n<div class=\"wp-block-column has-text-color has-background has-link-color wp-elements-2620f7ddcf6b4b64022a69f28567f21d is-layout-flow wp-block-column-is-layout-flow\" style=\"color:#000000;background-color:#5286e6;padding-top:2em;padding-right:2em;padding-bottom:2em;padding-left:2em\">\n<h2 class=\"wp-block-heading has-text-align-center has-white-color has-text-color has-link-color wp-elements-49dcc4d9f6337978eb6dff1911e300ec\" id=\"patron\" style=\"font-size:clamp(24.034px, 1.502rem + ((1vw - 3.2px) * 1.247), 40px);\"><strong>PRIMARIA<\/strong> 3\u00b0 y 4\u00b0<\/h2>\n\n\n\n<p class=\"has-text-align-center has-palette-color-8-color has-text-color has-link-color has-normal-font-size wp-elements-15afebe553eeac9f42cb1cf099843e58\"><strong><strong>Dirigido a estudiantes de 3er y 4to grado<\/strong><\/strong><\/p>\n\n\n\n<hr class=\"wp-block-separator has-css-opacity is-style-wide\"\/>\n\n\n\n<div class=\"wp-block-group is-nowrap is-layout-flex wp-container-core-group-is-layout-6c531013 wp-block-group-is-layout-flex\">\n<ul class=\"wp-block-list has-normal-font-size\">\n<li class=\"has-palette-color-8-color has-text-color has-link-color wp-elements-3c78366dbd0ec3f809648f7282dec46e\">Comunicaci\u00f3n \/ RV<\/li>\n\n\n\n<li class=\"has-palette-color-8-color has-text-color has-link-color wp-elements-7f06c807e0f1deea321f7fabd60cd5b9\">Manualidades<\/li>\n\n\n\n<li class=\"has-palette-color-8-color has-text-color has-link-color wp-elements-b151c19a5a8e19f06d047585372e5cfc\">Matem\u00e1tica \/ RM<\/li>\n\n\n\n<li class=\"has-palette-color-8-color has-text-color has-link-color wp-elements-fd98bc14ab1d84fceffb813a227d8da8\">Ingl\u00e9s<\/li>\n\n\n\n<li class=\"has-palette-color-8-color has-text-color has-link-color wp-elements-c471974123eb18480e115d6401b1ff2b\">Computaci\u00f3n<\/li>\n\n\n\n<li class=\"has-palette-color-8-color has-text-color has-link-color wp-elements-ffb45ff5d263400b4975a1a05b92986a\">Psicomotricidad<\/li>\n<\/ul>\n<\/div>\n\n\n\n<p><\/p>\n\n\n\n<div class=\"wp-block-buttons alignfull is-horizontal is-content-justification-center is-layout-flex wp-container-core-buttons-is-layout-03627597 wp-block-buttons-is-layout-flex\">\n<div class=\"wp-block-button has-custom-width wp-block-button__width-100\"><a class=\"wp-block-button__link has-white-color has-text-color has-background no-border-radius wp-element-button\" style=\"background-color:#000000\">S\/. 400.00  (material incluido)<\/a><\/div>\n<\/div>\n<\/div>\n<\/div>\n\n\n\n<div class=\"wp-block-columns alignwide is-layout-flex wp-container-core-columns-is-layout-d2da2050 wp-block-columns-is-layout-flex\" style=\"margin-bottom:0\">\n<div class=\"wp-block-column has-luminous-vivid-amber-background-color has-text-color has-background has-link-color wp-elements-8911fa6545a4b39e87a2c9c9c302a755 is-layout-flow wp-block-column-is-layout-flow\" style=\"color:#000000;padding-top:2em;padding-right:2em;padding-bottom:2em;padding-left:2em\">\n<h2 class=\"wp-block-heading has-text-align-center\" id=\"single\" style=\"font-size:clamp(21.027px, 1.314rem + ((1vw - 3.2px) * 1.014), 34px);\"><strong>PRIMARIA 5\u00b0 Y 6\u00b0<\/strong><\/h2>\n\n\n\n<p class=\"has-text-align-center has-normal-font-size\" style=\"line-height:1.5\"><strong><strong>Dirigido a estudiantes de 5to y 6to grado<\/strong><\/strong><\/p>\n\n\n\n<hr class=\"wp-block-separator has-text-color has-css-opacity has-background is-style-wide\" style=\"background-color:#000000;color:#000000\"\/>\n\n\n\n<div class=\"wp-block-group is-nowrap is-layout-flex wp-container-core-group-is-layout-6c531013 wp-block-group-is-layout-flex\">\n<ul class=\"wp-block-list has-normal-font-size\">\n<li>Ingl\u00e9s<\/li>\n\n\n\n<li>Computaci\u00f3n<\/li>\n\n\n\n<li>Psicomotricidad<\/li>\n\n\n\n<li>Comunicaci\u00f3n \/ RV<\/li>\n\n\n\n<li>Matem\u00e1tica \/ RM<\/li>\n<\/ul>\n<\/div>\n\n\n\n<div class=\"wp-block-buttons alignfull is-horizontal is-content-justification-center is-layout-flex wp-container-core-buttons-is-layout-03627597 wp-block-buttons-is-layout-flex\">\n<div class=\"wp-block-button has-custom-width wp-block-button__width-100\"><a class=\"wp-block-button__link has-white-color has-text-color has-background no-border-radius wp-element-button\" style=\"background-color:#000000\">S\/. 400.00  (material incluido)<\/a><\/div>\n<\/div>\n<\/div>\n\n\n\n<div class=\"wp-block-column has-text-color has-background has-link-color wp-elements-e73fbbdf2bc060e4bdfc7585870fab3c is-layout-flow wp-block-column-is-layout-flow\" style=\"color:#000000;background-color:#5286e6;padding-top:2em;padding-right:2em;padding-bottom:2em;padding-left:2em\">\n<h2 class=\"wp-block-heading has-text-align-center has-palette-color-8-color has-text-color has-link-color wp-elements-39e362a61df38ef9db78c0fec0ecbdab\" id=\"family\" style=\"font-size:clamp(20px, 1.25rem + ((1vw - 3.2px) * 0.938), 32px);\"><strong>SECUNDARIA 1\u00b0<\/strong><\/h2>\n\n\n\n<p class=\"has-text-align-center has-palette-color-8-color has-text-color has-link-color has-normal-font-size wp-elements-be3751a5970d555c6bbc96dac53491e9\" style=\"line-height:1.5\"><strong><strong>Dirigido a estudiantes de 1er grado<\/strong><\/strong><\/p>\n\n\n\n<hr class=\"wp-block-separator has-css-opacity is-style-wide\"\/>\n\n\n\n<div class=\"wp-block-group is-nowrap is-layout-flex wp-container-core-group-is-layout-6c531013 wp-block-group-is-layout-flex\">\n<ul class=\"wp-block-list has-normal-font-size\">\n<li class=\"has-palette-color-8-color has-text-color has-link-color wp-elements-9d95b112ec1a71d10fbaec3fbd10afad\">Raz. Matem\u00e1tico<\/li>\n\n\n\n<li class=\"has-palette-color-8-color has-text-color has-link-color wp-elements-475d0e604025be48fbe7fb0fd7cc70ab\">Raz. Verbal<\/li>\n\n\n\n<li class=\"has-palette-color-8-color has-text-color has-link-color wp-elements-155356bae8eb8f9d59292b11fa736198\">Aritm\u00e9tica <\/li>\n\n\n\n<li class=\"has-palette-color-8-color has-text-color has-link-color wp-elements-4589bf92da55a0b26d722370e575ca06\">Qu\u00edmica<\/li>\n\n\n\n<li class=\"has-palette-color-8-color has-text-color has-link-color wp-elements-890d3612d7b20de95f2bae45085b19a9\">\u00c1lgebra <\/li>\n\n\n\n<li class=\"has-palette-color-8-color has-text-color has-link-color wp-elements-3975fd3d1bcfc06ea0249b9b5b1271ee\">F\u00edsica<\/li>\n<\/ul>\n<\/div>\n\n\n\n<div class=\"wp-block-buttons alignfull is-horizontal is-content-justification-center is-layout-flex wp-container-core-buttons-is-layout-03627597 wp-block-buttons-is-layout-flex\">\n<div class=\"wp-block-button has-custom-width wp-block-button__width-100 is-style-fill\"><a class=\"wp-block-button__link has-white-color has-text-color has-background no-border-radius wp-element-button\" style=\"background-color:#000000\">S\/. 420.00  (material incluido)<\/a><\/div>\n<\/div>\n<\/div>\n\n\n\n<div class=\"wp-block-column has-luminous-vivid-amber-background-color has-text-color has-background has-link-color wp-elements-c9d83a5aa9c420a4215805161b15fa82 is-layout-flow wp-block-column-is-layout-flow\" style=\"color:#000000;padding-top:2em;padding-right:2em;padding-bottom:2em;padding-left:2em\">\n<h2 class=\"wp-block-heading has-text-align-center\" id=\"patron\" style=\"font-size:clamp(20.515px, 1.282rem + ((1vw - 3.2px) * 0.975), 33px);\"><strong>SECUNDARIA 2\u00b0<\/strong><\/h2>\n\n\n\n<p class=\"has-text-align-center has-normal-font-size\"><strong><strong>Dirigido a estudiantes de 2do grado<\/strong><\/strong><\/p>\n\n\n\n<hr class=\"wp-block-separator has-css-opacity is-style-wide\"\/>\n\n\n\n<div class=\"wp-block-group is-nowrap is-layout-flex wp-container-core-group-is-layout-6c531013 wp-block-group-is-layout-flex\">\n<ul class=\"wp-block-list has-normal-font-size\">\n<li>Raz. Matem\u00e1tico<\/li>\n\n\n\n<li>Raz. Verbal<\/li>\n\n\n\n<li>Aritm\u00e9tica <\/li>\n\n\n\n<li>Qu\u00edmica<\/li>\n\n\n\n<li>\u00c1lgebra <\/li>\n\n\n\n<li>F\u00edsicas<\/li>\n<\/ul>\n<\/div>\n\n\n\n<div class=\"wp-block-buttons alignfull is-horizontal is-content-justification-center is-layout-flex wp-container-core-buttons-is-layout-03627597 wp-block-buttons-is-layout-flex\">\n<div class=\"wp-block-button has-custom-width wp-block-button__width-100\"><a class=\"wp-block-button__link has-white-color has-text-color has-background no-border-radius wp-element-button\" style=\"background-color:#000000\">S\/. 420.00  (material incluido)<\/a><\/div>\n<\/div>\n<\/div>\n<\/div>\n\n\n\n<h2 class=\"wp-block-heading has-text-align-center has-palette-color-2-color has-text-color has-link-color wp-elements-a5a53e7062dd6417d21ad017bfdbc5aa\"><\/h2>\n","protected":false},"excerpt":{"rendered":"<p>Inscr\u00edbete en nuestros cursos de verano dise\u00f1ados para inicial, primaria y secundaria. DURACI\u00d3N: 06 de Enero al 14 de Febrero (Lun. Mi\u00e9r. y Vier) HORARIO: 08:30 &#8211; 12:30 p.m. Clases din\u00e1micas, creativas y 100% pr\u00e1cticas. Adem\u00e1s de Arte, deportes, tecnolog\u00eda y \u00a1Mucho m\u00e1s! NIVEL INICIAL Dirigido a estudiantes de 4 y 5 a\u00f1os PRIMARIA 1\u00b0 y 2\u00b0 Dirigido a estudiantes de 1er y 2do grado PRIMARIA 3\u00b0 y 4\u00b0 Dirigido a estudiantes de 3er y 4to grado PRIMARIA 5\u00b0 Y 6\u00b0 Dirigido a estudiantes de 5to y 6to grado SECUNDARIA 1\u00b0 Dirigido a estudiantes de 1er grado SECUNDARIA 2\u00b0 Dirigido a estudiantes de 2do grado<\/p>\n","protected":false},"author":2,"featured_media":0,"parent":0,"menu_order":0,"comment_status":"closed","ping_status":"closed","template":"","meta":{"footnotes":""},"class_list":["post-398","page","type-page","status-publish","hentry"],"blocksy_meta":[],"_links":{"self":[{"href":"https:\/\/sanantonioabad.edu.pe\/site\/wp-json\/wp\/v2\/pages\/398","targetHints":{"allow":["GET"]}}],"collection":[{"href":"https:\/\/sanantonioabad.edu.pe\/site\/wp-json\/wp\/v2\/pages"}],"about":[{"href":"https:\/\/sanantonioabad.edu.pe\/site\/wp-json\/wp\/v2\/types\/page"}],"author":[{"embeddable":true,"href":"https:\/\/sanantonioabad.edu.pe\/site\/wp-json\/wp\/v2\/users\/2"}],"replies":[{"embeddable":true,"href":"https:\/\/sanantonioabad.edu.pe\/site\/wp-json\/wp\/v2\/comments?post=398"}],"version-history":[{"count":40,"href":"https:\/\/sanantonioabad.edu.pe\/site\/wp-json\/wp\/v2\/pages\/398\/revisions"}],"predecessor-version":[{"id":829,"href":"https:\/\/sanantonioabad.edu.pe\/site\/wp-json\/wp\/v2\/pages\/398\/revisions\/829"}],"wp:attachment":[{"href":"https:\/\/sanantonioabad.edu.pe\/site\/wp-json\/wp\/v2\/media?parent=398"}],"curies":[{"name":"wp","href":"https:\/\/api.w.org\/{rel}","templated":true}]}}