{"id":4,"date":"2012-05-09T16:19:31","date_gmt":"2012-05-09T16:19:31","guid":{"rendered":"http:\/\/sanantonioabad.edu.pe\/site\/?page_id=4"},"modified":"2026-02-03T12:30:08","modified_gmt":"2026-02-03T17:30:08","slug":"inicio","status":"publish","type":"page","link":"https:\/\/sanantonioabad.edu.pe\/site\/","title":{"rendered":"INICIO"},"content":{"rendered":"\n<div class=\"ct-search-box\">\n\t\n\n<form role=\"search\" method=\"get\" class=\"ct-search-form\" data-form-controls=\"inside\" data-taxonomy-filter=\"false\" data-submit-button=\"icon\" style=\"\" action=\"https:\/\/sanantonioabad.edu.pe\/site\/\" aria-haspopup=\"listbox\" >\n\n\t<input \n\t\ttype=\"search\" \t\tplaceholder=\"Buscar\"\n\t\tvalue=\"\"\n\t\tname=\"s\"\n\t\tautocomplete=\"off\"\n\t\ttitle=\"Buscar...\"\n\t\taria-label=\"Buscar...\"\n\t\t\t>\n\n\t<div class=\"ct-search-form-controls\">\n\t\t\n\t\t<button type=\"submit\" class=\"wp-element-button\" data-button=\"inside:icon\" aria-label=\"Bot\u00f3n de b\u00fasqueda\">\n\t\t\t<svg class=\"ct-icon ct-search-button-content\" aria-hidden=\"true\" width=\"15\" height=\"15\" viewBox=\"0 0 15 15\"><path d=\"M14.8,13.7L12,11c0.9-1.2,1.5-2.6,1.5-4.2c0-3.7-3-6.8-6.8-6.8S0,3,0,6.8s3,6.8,6.8,6.8c1.6,0,3.1-0.6,4.2-1.5l2.8,2.8c0.1,0.1,0.3,0.2,0.5,0.2s0.4-0.1,0.5-0.2C15.1,14.5,15.1,14,14.8,13.7z M1.5,6.8c0-2.9,2.4-5.2,5.2-5.2S12,3.9,12,6.8S9.6,12,6.8,12S1.5,9.6,1.5,6.8z\"\/><\/svg>\n\t\t\t<span class=\"ct-ajax-loader\">\n\t\t\t\t<svg viewBox=\"0 0 24 24\">\n\t\t\t\t\t<circle cx=\"12\" cy=\"12\" r=\"10\" opacity=\"0.2\" fill=\"none\" stroke=\"currentColor\" stroke-miterlimit=\"10\" stroke-width=\"2\"\/>\n\n\t\t\t\t\t<path d=\"m12,2c5.52,0,10,4.48,10,10\" fill=\"none\" stroke=\"currentColor\" stroke-linecap=\"round\" stroke-miterlimit=\"10\" stroke-width=\"2\">\n\t\t\t\t\t\t<animateTransform\n\t\t\t\t\t\t\tattributeName=\"transform\"\n\t\t\t\t\t\t\tattributeType=\"XML\"\n\t\t\t\t\t\t\ttype=\"rotate\"\n\t\t\t\t\t\t\tdur=\"0.6s\"\n\t\t\t\t\t\t\tfrom=\"0 12 12\"\n\t\t\t\t\t\t\tto=\"360 12 12\"\n\t\t\t\t\t\t\trepeatCount=\"indefinite\"\n\t\t\t\t\t\t\/>\n\t\t\t\t\t<\/path>\n\t\t\t\t<\/svg>\n\t\t\t<\/span>\n\t\t<\/button>\n\n\t\t\n\t\t\t\t\t<input type=\"hidden\" name=\"ct_post_type\" value=\"post:page\">\n\t\t\n\t\t\n\n\t\t\t<\/div>\n\n\t\n<\/form>\n\n\n<\/div>\n\n\n\n<figure class=\"wp-block-image alignfull\"><img decoding=\"async\" src=\"https:\/\/sanantonioabad.edu.pe\/site\/wp-content\/uploads\/2025\/01\/IMG-20240531-WA0035-1024x768.jpg\" alt=\"\"\/><\/figure>\n\n\n\n<hr class=\"wp-block-separator has-css-opacity\"\/>\n\n\n\n<div class=\"wp-block-media-text is-stacked-on-mobile is-vertically-aligned-center is-image-fill-element\" style=\"grid-template-columns:35% auto\"><figure class=\"wp-block-media-text__media\"><img fetchpriority=\"high\" decoding=\"async\" width=\"503\" height=\"720\" src=\"https:\/\/sanantonioabad.edu.pe\/site\/wp-content\/uploads\/2025\/01\/fachada_iep_san_antonio_abad.jpg\" alt=\"\" class=\"wp-image-678 size-full\" style=\"object-position:50% 50%\" srcset=\"https:\/\/sanantonioabad.edu.pe\/site\/wp-content\/uploads\/2025\/01\/fachada_iep_san_antonio_abad.jpg 503w, https:\/\/sanantonioabad.edu.pe\/site\/wp-content\/uploads\/2025\/01\/fachada_iep_san_antonio_abad-210x300.jpg 210w\" sizes=\"(max-width: 503px) 100vw, 503px\" \/><\/figure><div class=\"wp-block-media-text__content\">\n<figure class=\"wp-block-pullquote has-text-align-center has-black-color has-text-color has-link-color has-medium-font-size wp-elements-40a56404a2a489391f0d0ccd02d98044\" style=\"border-style:none;border-width:0px;border-radius:43px;margin-top:0;margin-bottom:0;font-style:normal;font-weight:200\"><blockquote><p>Somos la<strong> I.E.P. \u00abSan Antonio Abad\u00bb<\/strong>, fundada en 1998.<br>Nos dedicamos a formar personas integrales y competentes, preparadas para enfrentar los retos de la vida desde una perspectiva \u00e9tica y cristiana. Ofrecemos una educaci\u00f3n de calidad, centrada en valores, conocimientos y habilidades que inspirar\u00e1n a nuestros estudiantes a transformar positivamente su entorno.<\/p><cite><strong>\u00bfQUI\u00c9NES SOMOS?<\/strong><\/cite><\/blockquote><\/figure>\n\n\n\n<details class=\"wp-block-details has-text-color has-link-color has-medium-font-size wp-elements-4eb5554223d320a467ef58528d3ac1ec is-layout-flow wp-container-core-details-is-layout-8a368f38 wp-block-details-is-layout-flow\" style=\"color:#3c66c2\" open><summary>VALORES FUNDAMENTALES EN NUESTRA COMUNIDAD:<br><\/summary>\n<div class=\"wp-block-group is-nowrap is-layout-flex wp-container-core-group-is-layout-6c531013 wp-block-group-is-layout-flex\">\n<div class=\"wp-block-group is-nowrap is-layout-flex wp-container-core-group-is-layout-6c531013 wp-block-group-is-layout-flex\">\n<figure class=\"wp-block-image size-full is-resized\"><a href=\"https:\/\/sanantonioabad.edu.pe\/site\/wp-content\/uploads\/2025\/01\/Brown-Simple-Minimalist-Fashion-Sale-New-Item-Special-Ramadan-Instagram-Story-6.png\"><img decoding=\"async\" width=\"473\" height=\"504\" src=\"https:\/\/sanantonioabad.edu.pe\/site\/wp-content\/uploads\/2025\/01\/Brown-Simple-Minimalist-Fashion-Sale-New-Item-Special-Ramadan-Instagram-Story-6.png\" alt=\"\" class=\"wp-image-685\" style=\"width:140px;height:auto\" srcset=\"https:\/\/sanantonioabad.edu.pe\/site\/wp-content\/uploads\/2025\/01\/Brown-Simple-Minimalist-Fashion-Sale-New-Item-Special-Ramadan-Instagram-Story-6.png 473w, https:\/\/sanantonioabad.edu.pe\/site\/wp-content\/uploads\/2025\/01\/Brown-Simple-Minimalist-Fashion-Sale-New-Item-Special-Ramadan-Instagram-Story-6-282x300.png 282w\" sizes=\"(max-width: 473px) 100vw, 473px\" \/><\/a><\/figure>\n\n\n\n<div class=\"wp-block-group is-nowrap is-layout-flex wp-container-core-group-is-layout-6c531013 wp-block-group-is-layout-flex\">\n<figure class=\"wp-block-image size-full is-resized\"><a href=\"https:\/\/sanantonioabad.edu.pe\/site\/wp-content\/uploads\/2025\/01\/Brown-Simple-Minimalist-Fashion-Sale-New-Item-Special-Ramadan-Instagram-Story-7.png\"><img decoding=\"async\" width=\"473\" height=\"501\" src=\"https:\/\/sanantonioabad.edu.pe\/site\/wp-content\/uploads\/2025\/01\/Brown-Simple-Minimalist-Fashion-Sale-New-Item-Special-Ramadan-Instagram-Story-7.png\" alt=\"\" class=\"wp-image-686\" style=\"width:135px;height:auto\" srcset=\"https:\/\/sanantonioabad.edu.pe\/site\/wp-content\/uploads\/2025\/01\/Brown-Simple-Minimalist-Fashion-Sale-New-Item-Special-Ramadan-Instagram-Story-7.png 473w, https:\/\/sanantonioabad.edu.pe\/site\/wp-content\/uploads\/2025\/01\/Brown-Simple-Minimalist-Fashion-Sale-New-Item-Special-Ramadan-Instagram-Story-7-283x300.png 283w\" sizes=\"(max-width: 473px) 100vw, 473px\" \/><\/a><\/figure>\n\n\n\n<figure class=\"wp-block-image size-full is-resized\"><a href=\"https:\/\/sanantonioabad.edu.pe\/site\/wp-content\/uploads\/2025\/01\/Brown-Simple-Minimalist-Fashion-Sale-New-Item-Special-Ramadan-Instagram-Story-9.png\"><img loading=\"lazy\" decoding=\"async\" width=\"473\" height=\"501\" src=\"https:\/\/sanantonioabad.edu.pe\/site\/wp-content\/uploads\/2025\/01\/Brown-Simple-Minimalist-Fashion-Sale-New-Item-Special-Ramadan-Instagram-Story-9.png\" alt=\"\" class=\"wp-image-688\" style=\"width:139px;height:auto\" srcset=\"https:\/\/sanantonioabad.edu.pe\/site\/wp-content\/uploads\/2025\/01\/Brown-Simple-Minimalist-Fashion-Sale-New-Item-Special-Ramadan-Instagram-Story-9.png 473w, https:\/\/sanantonioabad.edu.pe\/site\/wp-content\/uploads\/2025\/01\/Brown-Simple-Minimalist-Fashion-Sale-New-Item-Special-Ramadan-Instagram-Story-9-283x300.png 283w\" sizes=\"(max-width: 473px) 100vw, 473px\" \/><\/a><\/figure>\n<\/div>\n<\/div>\n\n\n\n<div class=\"wp-block-group is-nowrap is-layout-flex wp-container-core-group-is-layout-6c531013 wp-block-group-is-layout-flex\">\n<div class=\"wp-block-group is-nowrap is-layout-flex wp-container-core-group-is-layout-6c531013 wp-block-group-is-layout-flex\">\n<figure class=\"wp-block-image size-full is-resized\"><a href=\"https:\/\/sanantonioabad.edu.pe\/site\/wp-content\/uploads\/2025\/01\/Brown-Simple-Minimalist-Fashion-Sale-New-Item-Special-Ramadan-Instagram-Story-10.png\"><img loading=\"lazy\" decoding=\"async\" width=\"473\" height=\"501\" src=\"https:\/\/sanantonioabad.edu.pe\/site\/wp-content\/uploads\/2025\/01\/Brown-Simple-Minimalist-Fashion-Sale-New-Item-Special-Ramadan-Instagram-Story-10.png\" alt=\"\" class=\"wp-image-689\" style=\"width:137px;height:auto\" srcset=\"https:\/\/sanantonioabad.edu.pe\/site\/wp-content\/uploads\/2025\/01\/Brown-Simple-Minimalist-Fashion-Sale-New-Item-Special-Ramadan-Instagram-Story-10.png 473w, https:\/\/sanantonioabad.edu.pe\/site\/wp-content\/uploads\/2025\/01\/Brown-Simple-Minimalist-Fashion-Sale-New-Item-Special-Ramadan-Instagram-Story-10-283x300.png 283w\" sizes=\"(max-width: 473px) 100vw, 473px\" \/><\/a><\/figure>\n\n\n\n<figure class=\"wp-block-image size-full is-resized\"><a href=\"https:\/\/sanantonioabad.edu.pe\/site\/wp-content\/uploads\/2025\/01\/Brown-Simple-Minimalist-Fashion-Sale-New-Item-Special-Ramadan-Instagram-Story-11.png\"><img loading=\"lazy\" decoding=\"async\" width=\"473\" height=\"501\" src=\"https:\/\/sanantonioabad.edu.pe\/site\/wp-content\/uploads\/2025\/01\/Brown-Simple-Minimalist-Fashion-Sale-New-Item-Special-Ramadan-Instagram-Story-11.png\" alt=\"\" class=\"wp-image-690\" style=\"width:134px;height:auto\" srcset=\"https:\/\/sanantonioabad.edu.pe\/site\/wp-content\/uploads\/2025\/01\/Brown-Simple-Minimalist-Fashion-Sale-New-Item-Special-Ramadan-Instagram-Story-11.png 473w, https:\/\/sanantonioabad.edu.pe\/site\/wp-content\/uploads\/2025\/01\/Brown-Simple-Minimalist-Fashion-Sale-New-Item-Special-Ramadan-Instagram-Story-11-283x300.png 283w\" sizes=\"(max-width: 473px) 100vw, 473px\" \/><\/a><\/figure>\n<\/div>\n<\/div>\n<\/div>\n<\/details>\n<\/div><\/div>\n\n\n\n<hr class=\"wp-block-separator has-alpha-channel-opacity\"\/>\n\n\n\n<h2 class=\"wp-block-heading has-text-align-center\"><strong>MATR\u00cdCULA 202<\/strong>6<\/h2>\n\n\n\n<p class=\"has-text-align-center has-text-color has-link-color has-large-font-size wp-elements-beccb135839bbcbd6f1971aa7893b0be\" style=\"color:#2d56af\">\u00a1\u00a1<strong>Vacantes Limitadas<\/strong>!!<\/p>\n\n\n\n<details class=\"wp-block-details has-palette-color-2-color has-text-color has-link-color has-medium-font-size wp-elements-458b593a746254f38aa224dbbf393e76 is-layout-flow wp-container-core-details-is-layout-8a368f38 wp-block-details-is-layout-flow\"><summary><strong>REQUISITOS PARA MATRICULARSE:<\/strong><\/summary>\n<ul class=\"wp-block-list\">\n<li>Libreta de Notas<\/li>\n\n\n\n<li>Copia DNI  del alumno(a)<\/li>\n\n\n\n<li>Constancia de no adeudo <\/li>\n\n\n\n<li class=\"has-black-color has-text-color has-link-color wp-elements-5524567cd75d2f71b310d439c52494b9\">Control de vacunas (solo nivel Inicial)<\/li>\n\n\n\n<li class=\"has-black-color has-text-color has-link-color wp-elements-eed5e885a44aea3cf43b5ee3e54f57f7\">Partida de Nacimiento Original.<\/li>\n\n\n\n<li class=\"has-black-color has-text-color has-link-color wp-elements-afd14d55dfa33273cedd3426c47ce1fb\">04 Fotos tama\u00f1o carn\u00e9 a color.<\/li>\n\n\n\n<li class=\"has-black-color has-text-color has-link-color wp-elements-cdcdff9bbada94557866ea4600c68c8c\">Constancia de matr\u00edcula de SIAGIE.<\/li>\n\n\n\n<li class=\"has-black-color has-text-color has-link-color wp-elements-19dcd94d9184cd57bbd8cc3d631a63ab\">Ficha \u00danica de Matr\u00edcula del Educando.<\/li>\n\n\n\n<li class=\"has-black-color has-text-color has-link-color wp-elements-294204b91a8a581df6f4c49e4ad9073b\">Resoluci\u00f3n de traslado.<\/li>\n\n\n\n<li class=\"has-black-color has-text-color has-link-color wp-elements-4ba23a7d7ba2719c42848ed4c2fa49eb\">Certificado de Estudios Originales.<\/li>\n\n\n\n<li class=\"has-black-color has-text-color has-link-color wp-elements-d6961769d7890901365f4c145db9a23b\">Constancia de conducta.<\/li>\n\n\n\n<li class=\"has-black-color has-text-color has-link-color wp-elements-fed17172a62abac58f5da8dc93ca7b1a\">Copia del carnet del seguro o p\u00f3liza.<\/li>\n<\/ul>\n<\/details>\n\n\n\n<div class=\"wp-block-columns is-layout-flex wp-container-core-columns-is-layout-28f84493 wp-block-columns-is-layout-flex\">\n<div class=\"wp-block-column is-layout-flow wp-block-column-is-layout-flow\">\n<div class=\"wp-block-columns is-layout-flex wp-container-core-columns-is-layout-28f84493 wp-block-columns-is-layout-flex\">\n<div class=\"wp-block-column is-layout-flow wp-block-column-is-layout-flow\">\n<details class=\"wp-block-details has-palette-color-2-color has-text-color has-link-color has-medium-font-size wp-elements-7a90eec7257aad74d9a588828a9f5133 is-layout-flow wp-block-details-is-layout-flow\"><summary><strong>BENEFICIOS QUE OTORGA EL COLEGIO:<\/strong><\/summary>\n<ul class=\"wp-block-list\">\n<li class=\"has-black-color has-text-color has-link-color wp-elements-0d6a3d82bad4053a8b43c8b7183ba2b4\">La mejor infraestructura.<\/li>\n\n\n\n<li class=\"has-black-color has-text-color has-link-color wp-elements-1571801b23aad4cc70962c9538c9d2bc\">Educaci\u00f3n Personalizada.<\/li>\n\n\n\n<li class=\"has-black-color has-text-color has-link-color wp-elements-d3661429c64773fbd6db1e8ebe2d7f54\">Docentes altamente calificados.<\/li>\n\n\n\n<li class=\"has-black-color has-text-color has-link-color wp-elements-ebe03fddc8eb406ad4658ad710a33f1c\">Tutor\u00eda permanente.<\/li>\n\n\n\n<li class=\"has-black-color has-text-color has-link-color wp-elements-da59087d224f93c18681575a49f7dff6\">Evaluaci\u00f3n permanente.<\/li>\n\n\n\n<li class=\"has-black-color has-text-color has-link-color wp-elements-bce45cbf2bc10d4aef4b6472ca1fdc9e\">Orientaci\u00f3n vocacional y psicol\u00f3gica.<\/li>\n\n\n\n<li class=\"has-black-color has-text-color has-link-color wp-elements-e2a5e1fa1413a1940b2e29a7445dffd7\">Asesor\u00eda Pedag\u00f3gica Permanente sin costo adicional.<\/li>\n\n\n\n<li class=\"has-black-color has-text-color has-link-color wp-elements-b8fef45a4cdfb3e617f4a36f2e025c28\">Computaci\u00f3n.<\/li>\n\n\n\n<li class=\"has-black-color has-text-color has-link-color wp-elements-2a6d00d3d438f165310bb5256b1b794a\">Ingl\u00e9s.<\/li>\n\n\n\n<li class=\"has-black-color has-text-color has-link-color wp-elements-eab17bfd07da3e873e8e1b99eeb11435\">Acceso a Internet.<\/li>\n<\/ul>\n<\/details>\n\n\n\n<hr class=\"wp-block-separator has-alpha-channel-opacity\"\/>\n\n\n\n<figure class=\"wp-block-gallery has-nested-images columns-default is-cropped wp-block-gallery-1 is-layout-flex wp-block-gallery-is-layout-flex\">\n<figure class=\"wp-block-image size-large\"><a href=\"https:\/\/sanantonioabad.edu.pe\/site\/wp-content\/uploads\/2025\/01\/1RO.-PRIMARIA-CHICAS-edited.jpeg\"><img loading=\"lazy\" decoding=\"async\" width=\"960\" height=\"720\" data-id=\"633\" src=\"https:\/\/sanantonioabad.edu.pe\/site\/wp-content\/uploads\/2025\/01\/1RO.-PRIMARIA-CHICAS-edited.jpeg\" alt=\"\" class=\"wp-image-633\" srcset=\"https:\/\/sanantonioabad.edu.pe\/site\/wp-content\/uploads\/2025\/01\/1RO.-PRIMARIA-CHICAS-edited.jpeg 960w, https:\/\/sanantonioabad.edu.pe\/site\/wp-content\/uploads\/2025\/01\/1RO.-PRIMARIA-CHICAS-edited-300x225.jpeg 300w, https:\/\/sanantonioabad.edu.pe\/site\/wp-content\/uploads\/2025\/01\/1RO.-PRIMARIA-CHICAS-edited-768x576.jpeg 768w\" sizes=\"(max-width: 960px) 100vw, 960px\" \/><\/a><figcaption class=\"wp-element-caption\">ACTIVIDADES<\/figcaption><\/figure>\n\n\n\n<figure class=\"wp-block-image size-large\"><a href=\"https:\/\/sanantonioabad.edu.pe\/site\/wp-content\/uploads\/2025\/01\/S1250060.jpg\"><img loading=\"lazy\" decoding=\"async\" width=\"1024\" height=\"576\" data-id=\"622\" src=\"https:\/\/sanantonioabad.edu.pe\/site\/wp-content\/uploads\/2025\/01\/S1250060-1024x576.jpg\" alt=\"\" class=\"wp-image-622\" srcset=\"https:\/\/sanantonioabad.edu.pe\/site\/wp-content\/uploads\/2025\/01\/S1250060-1024x576.jpg 1024w, https:\/\/sanantonioabad.edu.pe\/site\/wp-content\/uploads\/2025\/01\/S1250060-300x169.jpg 300w, https:\/\/sanantonioabad.edu.pe\/site\/wp-content\/uploads\/2025\/01\/S1250060-768x432.jpg 768w, https:\/\/sanantonioabad.edu.pe\/site\/wp-content\/uploads\/2025\/01\/S1250060-1536x864.jpg 1536w, https:\/\/sanantonioabad.edu.pe\/site\/wp-content\/uploads\/2025\/01\/S1250060.jpg 1920w\" sizes=\"(max-width: 1024px) 100vw, 1024px\" \/><\/a><figcaption class=\"wp-element-caption\">COMPLEMENTARIAS<\/figcaption><\/figure>\n\n\n\n<figure class=\"wp-block-image size-large\"><a href=\"https:\/\/sanantonioabad.edu.pe\/site\/wp-content\/uploads\/2025\/01\/WhatsApp-Image-2024-12-21-at-9.29.50-AM-1.jpeg\"><img loading=\"lazy\" decoding=\"async\" width=\"1024\" height=\"768\" data-id=\"575\" src=\"https:\/\/sanantonioabad.edu.pe\/site\/wp-content\/uploads\/2025\/01\/WhatsApp-Image-2024-12-21-at-9.29.50-AM-1-1024x768.jpeg\" alt=\"\" class=\"wp-image-575\" srcset=\"https:\/\/sanantonioabad.edu.pe\/site\/wp-content\/uploads\/2025\/01\/WhatsApp-Image-2024-12-21-at-9.29.50-AM-1-1024x768.jpeg 1024w, https:\/\/sanantonioabad.edu.pe\/site\/wp-content\/uploads\/2025\/01\/WhatsApp-Image-2024-12-21-at-9.29.50-AM-1-300x225.jpeg 300w, https:\/\/sanantonioabad.edu.pe\/site\/wp-content\/uploads\/2025\/01\/WhatsApp-Image-2024-12-21-at-9.29.50-AM-1-768x576.jpeg 768w, https:\/\/sanantonioabad.edu.pe\/site\/wp-content\/uploads\/2025\/01\/WhatsApp-Image-2024-12-21-at-9.29.50-AM-1.jpeg 1280w\" sizes=\"(max-width: 1024px) 100vw, 1024px\" \/><\/a><figcaption class=\"wp-element-caption\">TODO EL A\u00d1O<\/figcaption><\/figure>\n<\/figure>\n\n\n\n<hr class=\"wp-block-separator has-alpha-channel-opacity\"\/>\n\n\n\n<h2 class=\"wp-block-heading has-text-align-center\">INFORMES 2026<\/h2>\n\n\n\n<div class=\"wp-block-buttons is-content-justification-center is-layout-flex wp-container-core-buttons-is-layout-a89b3969 wp-block-buttons-is-layout-flex\">\n<div class=\"wp-block-button is-style-fill\"><a class=\"wp-block-button__link has-luminous-vivid-amber-background-color has-background has-text-align-center wp-element-button\" href=\"https:\/\/sanantonioabad.edu.pe\/site\/wp-content\/uploads\/2025\/01\/1.png\" target=\"_blank\" rel=\"noreferrer noopener\">    INICIAL     <\/a><\/div>\n\n\n\n<div class=\"wp-block-button is-style-fill\"><a class=\"wp-block-button__link has-luminous-vivid-amber-background-color has-background wp-element-button\" href=\"https:\/\/sanantonioabad.edu.pe\/site\/wp-content\/uploads\/2025\/01\/2.png\" target=\"_blank\" rel=\"noreferrer noopener\">   PRIMARIA  <\/a><\/div>\n\n\n\n<div class=\"wp-block-button is-style-fill\"><a class=\"wp-block-button__link has-palette-color-8-color has-luminous-vivid-amber-background-color has-text-color has-background has-link-color wp-element-button\" href=\"https:\/\/sanantonioabad.edu.pe\/site\/wp-content\/uploads\/2025\/01\/INFORMES.png\" target=\"_blank\" rel=\"noreferrer noopener\">SECUNDARIA<\/a><\/div>\n<\/div>\n\n\n\n<p class=\"has-text-align-left has-text-color has-link-color has-large-font-size wp-elements-62949cfe3fa95e65d454f00e01109419\" style=\"color:#204db0\"><\/p>\n<\/div>\n<\/div>\n<\/div>\n<\/div>\n\n\n\n<details class=\"wp-block-details has-palette-color-2-color has-text-color has-link-color has-medium-font-size wp-elements-afd73182325499b140eaab99cbccae56 is-layout-flow wp-block-details-is-layout-flow\"><summary><strong>NORMAS DE CONVIVENCIA 2026<\/strong><\/summary>\n<div class=\"wp-block-file\"><a id=\"wp-block-file--media-7682dc7f-45db-4fbb-9dee-38b40bf94129\" href=\"https:\/\/sanantonioabad.edu.pe\/site\/wp-content\/uploads\/2025\/05\/MV2.-NORMAS-DE-CONVIVENCIA-ESCOLAR-APROBADAS-POR-EL-DIRECTOR-DE-LA-IE-1.docx\">MV2. NORMAS DE CONVIVENCIA ESCOLAR APROBADAS POR EL DIRECTOR DE LA IE.<\/a><a href=\"https:\/\/sanantonioabad.edu.pe\/site\/wp-content\/uploads\/2025\/05\/MV2.-NORMAS-DE-CONVIVENCIA-ESCOLAR-APROBADAS-POR-EL-DIRECTOR-DE-LA-IE-1.docx\" class=\"wp-block-file__button wp-element-button\" download aria-describedby=\"wp-block-file--media-7682dc7f-45db-4fbb-9dee-38b40bf94129\">Descarga<\/a><\/div>\n\n\n\n<p><img decoding=\"async\" class=\"wp-image-882\" style=\"width: NaNpx;\" src=\"https:\/\/sanantonioabad.edu.pe\/site\/wp-content\/uploads\/2025\/05\/MV2.-NORMAS-DE-CONVIVENCIA-ESCOLAR-APROBADAS-POR-EL-DIRECTOR-DE-LA-IE.docx\" alt=\"\"><\/p>\n<\/details>\n\n\n\n<details class=\"wp-block-details has-palette-color-2-color has-text-color has-link-color has-medium-font-size wp-elements-897ab356a00869f3c2f468d88f40bdf9 is-layout-flow wp-block-details-is-layout-flow\"><summary><strong>REGLAMENTO INTERNO 2026:<\/strong><\/summary>\n<div class=\"wp-block-columns is-layout-flex wp-container-core-columns-is-layout-28f84493 wp-block-columns-is-layout-flex\">\n<div class=\"wp-block-column is-layout-flow wp-block-column-is-layout-flow\" style=\"flex-basis:100%\">\n<div data-wp-interactive=\"core\/file\" class=\"wp-block-file\"><object data-wp-bind--hidden=\"!state.hasPdfPreview\" hidden class=\"wp-block-file__embed\" data=\"https:\/\/sanantonioabad.edu.pe\/site\/wp-content\/uploads\/2025\/05\/MV2.-REGLAMENTO-INTERNO-RI-2.pdf\" type=\"application\/pdf\" style=\"width:100%;height:600px\" aria-label=\"Incrustado de MV2. REGLAMENTO INTERNO (RI).\"><\/object><a id=\"wp-block-file--media-d800782e-f02c-4c8a-bfc1-7d31c7f8cbd2\" href=\"https:\/\/sanantonioabad.edu.pe\/site\/wp-content\/uploads\/2025\/05\/MV2.-REGLAMENTO-INTERNO-RI-2.pdf\">MV2. REGLAMENTO INTERNO (RI)<\/a><a href=\"https:\/\/sanantonioabad.edu.pe\/site\/wp-content\/uploads\/2025\/05\/MV2.-REGLAMENTO-INTERNO-RI-2.pdf\" class=\"wp-block-file__button wp-element-button\" download aria-describedby=\"wp-block-file--media-d800782e-f02c-4c8a-bfc1-7d31c7f8cbd2\">Descarga<\/a><\/div>\n<\/div>\n<\/div>\n<\/details>\n\n\n\n<div class=\"wp-block-media-text has-media-on-the-right is-stacked-on-mobile\" style=\"grid-template-columns:auto 47%\"><div class=\"wp-block-media-text__content\">\n<p><\/p>\n\n\n\n<details class=\"wp-block-details has-text-color has-link-color has-large-font-size wp-elements-853486a5eeca3673ff23abacccc255ce is-layout-flow wp-block-details-is-layout-flow\" style=\"color:#214eae\"><summary><strong>PROCESO DE MATR\u00cdCULA 2026<\/strong><\/summary>\n<p><\/p>\n\n\n\n<div data-wp-interactive=\"core\/file\" class=\"wp-block-file\"><object data-wp-bind--hidden=\"!state.hasPdfPreview\" hidden class=\"wp-block-file__embed\" data=\"https:\/\/sanantonioabad.edu.pe\/site\/wp-content\/uploads\/2024\/12\/1.-PROCESO-DE-MATRICULA-2025.pdf\" type=\"application\/pdf\" style=\"width:100%;height:200px\" aria-label=\"Incrustado de 1. PROCESO DE MATR\u00cdCULA 2026.\"><\/object><a id=\"wp-block-file--media-a5cff78d-9ee3-4d68-bc99-c83146c63e83\" href=\"https:\/\/sanantonioabad.edu.pe\/site\/wp-content\/uploads\/2024\/12\/1.-PROCESO-DE-MATRICULA-2025.pdf\" target=\"_blank\" rel=\"noreferrer noopener\">1. PROCESO DE MATR\u00cdCULA 2026<\/a><a href=\"https:\/\/sanantonioabad.edu.pe\/site\/wp-content\/uploads\/2024\/12\/1.-PROCESO-DE-MATRICULA-2025.pdf\" class=\"wp-block-file__button wp-element-button\" download aria-describedby=\"wp-block-file--media-a5cff78d-9ee3-4d68-bc99-c83146c63e83\">Descarga<\/a><\/div>\n<\/details>\n<\/div><figure class=\"wp-block-media-text__media\"><img loading=\"lazy\" decoding=\"async\" width=\"1024\" height=\"576\" src=\"https:\/\/sanantonioabad.edu.pe\/site\/wp-content\/uploads\/2025\/01\/IMG_20241127_124222-2-1-1024x576.jpg\" alt=\"\" class=\"wp-image-725 size-full\" srcset=\"https:\/\/sanantonioabad.edu.pe\/site\/wp-content\/uploads\/2025\/01\/IMG_20241127_124222-2-1-1024x576.jpg 1024w, https:\/\/sanantonioabad.edu.pe\/site\/wp-content\/uploads\/2025\/01\/IMG_20241127_124222-2-1-300x169.jpg 300w, https:\/\/sanantonioabad.edu.pe\/site\/wp-content\/uploads\/2025\/01\/IMG_20241127_124222-2-1-768x432.jpg 768w, https:\/\/sanantonioabad.edu.pe\/site\/wp-content\/uploads\/2025\/01\/IMG_20241127_124222-2-1-1536x864.jpg 1536w, https:\/\/sanantonioabad.edu.pe\/site\/wp-content\/uploads\/2025\/01\/IMG_20241127_124222-2-1-2048x1152.jpg 2048w\" sizes=\"(max-width: 1024px) 100vw, 1024px\" \/><\/figure><\/div>\n\n\n\n<div class=\"wp-block-columns is-layout-flex wp-container-core-columns-is-layout-28f84493 wp-block-columns-is-layout-flex\">\n<div class=\"wp-block-column is-layout-flow wp-block-column-is-layout-flow\" style=\"flex-basis:100%\"><\/div>\n<\/div>\n","protected":false},"excerpt":{"rendered":"<p>MATR\u00cdCULA 2026 \u00a1\u00a1Vacantes Limitadas!! INFORMES 2026<\/p>\n","protected":false},"author":1,"featured_media":701,"parent":0,"menu_order":0,"comment_status":"closed","ping_status":"closed","template":"","meta":{"footnotes":""},"class_list":["post-4","page","type-page","status-publish","has-post-thumbnail","hentry"],"blocksy_meta":{"page_structure_type":"type-4","styles_descriptor":{"styles":{"desktop":"","tablet":"","mobile":""},"google_fonts":[],"version":6}},"_links":{"self":[{"href":"https:\/\/sanantonioabad.edu.pe\/site\/wp-json\/wp\/v2\/pages\/4","targetHints":{"allow":["GET"]}}],"collection":[{"href":"https:\/\/sanantonioabad.edu.pe\/site\/wp-json\/wp\/v2\/pages"}],"about":[{"href":"https:\/\/sanantonioabad.edu.pe\/site\/wp-json\/wp\/v2\/types\/page"}],"author":[{"embeddable":true,"href":"https:\/\/sanantonioabad.edu.pe\/site\/wp-json\/wp\/v2\/users\/1"}],"replies":[{"embeddable":true,"href":"https:\/\/sanantonioabad.edu.pe\/site\/wp-json\/wp\/v2\/comments?post=4"}],"version-history":[{"count":117,"href":"https:\/\/sanantonioabad.edu.pe\/site\/wp-json\/wp\/v2\/pages\/4\/revisions"}],"predecessor-version":[{"id":946,"href":"https:\/\/sanantonioabad.edu.pe\/site\/wp-json\/wp\/v2\/pages\/4\/revisions\/946"}],"wp:featuredmedia":[{"embeddable":true,"href":"https:\/\/sanantonioabad.edu.pe\/site\/wp-json\/wp\/v2\/media\/701"}],"wp:attachment":[{"href":"https:\/\/sanantonioabad.edu.pe\/site\/wp-json\/wp\/v2\/media?parent=4"}],"curies":[{"name":"wp","href":"https:\/\/api.w.org\/{rel}","templated":true}]}}